
True
Is 418848 a multiple of 370?
False
Does 13 divide 8918?
True
Is 19 a factor of 1949647?
True
Does 10 divide 2952127?
False
Does 581 divide 985963?
False
Is 25 a factor of 1062075?
True
Does 1424 divide 11664080?
False
Is 61738 a multiple of 13?
False
Is 189 a factor of 950254?
False
Does 4 divide 797047?
False
Is 157982 a multiple of 24?
False
Does 19 divide 159731?
False
Is 14 a factor of 20834982?
True
Is 814 a factor of 10228417?
False
Is 149072 a multiple of 44?
True
Is 676985 a multiple of 78?
False
Is 7 a factor of 2713102?
True
Is 74 a factor of 1935738?
False
Is 55 a factor of 12251965?
True
Is 316 a factor of 9208?
False
Is 295 a factor of 11499909?
False
Does 5 divide 2201010?
True
Does 56 divide 31472?
True
Is 157406 a multiple of 47?
False
Is 168 a factor of 1257435?
False
Is 14 a factor of 588812?
True
Is 1361643 a multiple of 24?
False
Is 398 a factor of 136996?
False
Does 14 divide 3449179?
False
Is 67 a factor of 1197156?
True
Does 72 divide 87050?
False
Is 2830275 a multiple of 15?
True
Is 16 a factor of 200031?
False
Is 814392 a multiple of 18?
True
Is 2352239 a multiple of 3?
False
Does 42 divide 55776?
True
Does 118 divide 3194933?
False
Is 2196036 a multiple of 9?
True
Is 234 a factor of 366912?
True
Does 815 divide 2543341?
False
Is 18365 a multiple of 4?
False
Does 986 divide 1583516?
True
Is 2399072 a multiple of 316?
True
Is 662990 a multiple of 106?
False
Is 349 a factor of 96520?
False
Does 11 divide 602783?
False
Is 195928 a multiple of 32?
False
Is 38778 a multiple of 562?
True
Does 17 divide 439909?
True
Is 148 a factor of 816442?
False
Is 5 a factor of 285814?
False
Does 15 divide 455218?
False
Is 2401772 a multiple of 21?
False
Does 212 divide 154428?
False
Is 499 a factor of 4702725?
False
Is 16 a factor of 59360?
True
Does 61 divide 318539?
False
Is 12511197 a multiple of 31?
True
Does 649 divide 85668?
True
Is 344 a factor of 380524?
False
Does 917 divide 16397268?
False
Is 10442880 a multiple of 1110?
True
Is 3 a factor of 3173?
False
Is 536 a factor of 11722320?
True
Is 167 a factor of 167167?
True
Is 188 a factor of 154904?
False
Is 197 a factor of 148341?
True
Does 548 divide 1412187?
False
Is 359 a factor of 1065373?
False
Is 319792 a multiple of 23?
True
Is 5947192 a multiple of 188?
True
Is 549405 a multiple of 416?
False
Is 38480 a multiple of 4?
True
Is 4746955 a multiple of 214?
False
Is 200 a factor of 115920?
False
Is 6530348 a multiple of 44?
True
Is 208392 a multiple of 114?
True
Does 2 divide 5526896?
True
Is 5065000 a multiple of 100?
True
Does 20 divide 164883?
False
Is 49 a factor of 8932242?
False
Is 144534 a multiple of 7?
False
Is 8 a factor of 1656944?
True
Does 707 divide 1324918?
True
Is 183920 a multiple of 220?
True
Is 28475737 a multiple of 707?
False
Is 125 a factor of 83750?
True
Is 10 a factor of 2810930?
True
Is 27 a factor of 1803802?
False
Is 70 a factor of 2499946?
False
Is 21 a factor of 10235400?
True
Does 2 divide 31755?
False
Is 18 a factor of 743454?
True
Is 180671 a multiple of 257?
True
Does 4 divide 11688624?
True
Does 45 divide 1495068?
False
Is 136359 a multiple of 20?
False
Does 101 divide 5480926?
False
Is 38 a factor of 635208?
True
Is 11 a factor of 247192?
True
Does 574 divide 1505452?
False
Is 2622216 a multiple of 34?
True
Is 109942 a multiple of 201?
False
Is 514 a factor of 9275674?
False
Is 3432681 a multiple of 483?
True
Is 5247296 a multiple of 326?
True
Does 374 divide 444686?
True
Is 411160 even?
True
Is 344 a factor of 3108603?
False
Does 32 divide 5998544?
False
Does 555 divide 1605144?
False
Is 21552840 a multiple of 18?
True
Is 698555 a multiple of 12?
False
Is 1416698 a multiple of 283?
True
Does 78 divide 715123?
False
Is 27056 a multiple of 7?
False
Is 126309 a multiple of 190?
False
Is 69 a factor of 202143?
False
Is 250344 a multiple of 24?
True
Is 22 a factor of 11264?
True
Is 474 a factor of 1027158?
True
Is 27 a factor of 776380?
False
Is 14 a factor of 5662146?
True
Is 16 a factor of 36087929?
False
Is 10 a factor of 1640764?
False
Is 12481 a multiple of 338?
False
Does 100 divide 24423?
False
Is 190787 a multiple of 704?
False
Is 155 a factor of 125550?
True
Is 5628001 a multiple of 13?
False
Is 183330 a multiple of 270?
True
Is 200 a factor of 1147135?
False
Does 267 divide 31506?
True
Is 2 a factor of 1364553?
False
Is 3080515 a multiple of 169?
False
Does 258 divide 1874628?
True
Does 13 divide 31037?
False
Does 6 divide 1438404?
True
Is 238 a factor of 929076?
False
Does 215 divide 70805?
False
Is 544960 a multiple of 130?
True
Is 1254880 a multiple of 220?
True
Is 4680 a multiple of 26?
True
Is 45 a factor of 866295?
True
Is 47 a factor of 8848253?
False
Is 12 a factor of 1633983?
False
Does 24 divide 138069?
False
Is 323562 a multiple of 3?
True
Is 9689784 a multiple of 156?
True
Is 9874 a multiple of 6?
False
Is 25 a factor of 965100?
True
Does 131 divide 311901?
False
Is 153 a factor of 328261?
False
Is 109 a factor of 268910?
False
Is 3235133 a multiple of 333?
False
Is 698214 a multiple of 36?
False
Is 14080473 a multiple of 9?
True
Is 78 a factor of 118332?
False
Does 23 divide 133239?
True
Is 1557455 a multiple of 251?
True
Does 59 divide 22125?
True
Does 148 divide 1023716?
True
Does 232 divide 388600?
True
Does 58 divide 2942978?
True
Does 68 divide 577456?
True
Is 216149 a multiple of 5?
False
Is 673304 a multiple of 24?
False
Does 56 divide 2473240?
True
Does 3 divide 18791?
False
Does 8 divide 6072040?
True
Is 29 a factor of 9235137?
True
Does 6 divide 7233?
False
Is 1465 a factor of 27777914?
False
Is 3438382 a multiple of 768?
False
Does 19 divide 203468?
False
Does 9 divide 49590?
True
Is 12 a factor of 250406?
False
Is 203961 a multiple of 428?
False
Is 24 a factor of 16152?
True
Does 7 divide 106428?
True
Does 160 divide 1825935?
False
Does 45 divide 2295785?
False
Is 296958 a multiple of 68?
False
Is 4559514 a multiple of 1181?
False
Is 162 a factor of 16848?
True
Is 17031192 a multiple of 140?
False
Is 4 a factor of 31001?
False
Does 8 divide 263250?
False
Is 379 a factor of 112862?
False
Is 41 a factor of 3299949?
False
Is 495 a factor of 254856?
False
Is 255840 a multiple of 39?
True
Is 1770296 a multiple of 22?
True
Is 7890 a multiple of 30?
True
Is 27 a factor of 587390?
False
Does 1852 divide 12654757?
False
Is 106787 a multiple of 25?
False
Does 46 divide 2766595?
False
Is 418995 a multiple of 34?
False
Does 136 divide 1568931?
False
Is 37 a factor of 246161?
True
Is 16706 a multiple of 16?
False
Is 1222455 a multiple of 13?
True
Is 331 a factor of 4652205?
True
Does 262 divide 11575819?
False
Is 59500 a multiple of 100?
True
Is 2 a factor of 783523?
False
Does 103 divide 154294?
True
Does 356 divide 147083?
False
Is 24 a factor of 85726?
False
Does 34 divide 44676?
True
Does 14 divide 3410703?
False
Is 57414 a multiple of 42?
True
Is 88800 a multiple of 4?
True
Does 118 divide 5329800?
False
Is 11 a factor of 90147?
False
Does 11 divide 2266455?
False
Is 7540 a multiple of 377?
True
Is 5708907 a multiple of 112?
False
Does 16 divide 20659808?
True
Is 981998 a multiple of 218?
False
Is 249324 a multiple of 158?
True
Is 28078 a multiple of 4?
False
Does 43 divide 2210501?
True
Is 222405 a multiple of 15?
True
Is 71 a factor of 204054?
True
Is 5 a factor of 185940?
True
Is 1196 a factor of 3295943?
False
Is 1600480 a multiple of 560?
True
Is 34 a factor of 166532?
True
Is 5556181 a multiple of 736?
False
Does 95 divide 1402742?
False
Is 4196998 a multiple of 13?
True
Does 32 divide 710368?
True
Is 284544 a multiple of 19?
True
Does 383 divide 502496?
True
Is 259892 a multiple of 13?
False
Is 2069 a multiple of 58?
False
Is 111 a factor of 1765307?
False
Does 7 divide 37086?
True
Is 157 a factor of 426094?
False
Is 29 a factor of 1014768?
True
Is 627508 a multiple of 7?
True
Does 81 divide 570660?
False
Is 698 a factor of 255468?
True
Is 296 a factor of 186170?
False
Is 214389 a multiple of 369?
True
Does 415 divide 19706?
False
Does 1501 divide 988768?
False
Does 785 divide 3815885?
True
Is 182 a factor of 6260077?
False
Is 856 a factor of 4194400?
True
Is 568390 a multiple of 25?
False
Does 13 divide 158847?
True
Is 2190973 a multiple of 168?
False
Is 1544038 a multiple of 10?
False
Does 288 divide 